-6
Let p(u) = 9*u**2 + 9*u + 8. Let b(t) = 11*t**2 + 10*t + 14. Let z(h) = 4*b(h) - 5*p(h). What is z(-8)?
-8
Suppose 17981*t = 17975*t. Let p(z) = -z - 3. What is p(t)?
-3
Let w(s) be the first derivative of s**5/20 + 2*s**4/3 + 7*s**3/6 - 2*s**2 - 153*s + 163. Let n(h) be the first derivative of w(h). What is n(-7)?
-4
Let h(u) = -u**2 - 4*u**3 + 21 - 9 + 3*u**3 - 4 - 9 + u. Suppose p = -3*y - 9, 5 = -3*p + 5*y - 3*y. Give h(p).
14
Let k be (-13 + 344/24)*-9 + (-7)/1. Let i(n) = -n**3 - 20*n**2 - 17*n + 32. What is i(k)?
-6
Let y = -3128 + 3128. Let g(u) = -u + 12. Let s(l) = 3*l - 24. Let n(j) = -5*g(j) - 2*s(j). Calculate n(y).
-12
Let n = 26124 + -26083. Let o(f) = 5*f**2 - 202*f - 121. Calculate o(n).
2
Let l be (-9 + -4)/(1/(-6)). Suppose -d = l - 72. Let a(v) = v**3 + 7*v**2 + 7*v + 9. What is a(d)?
3
Suppose 31*d - 108 = -15. Let o(u) = -269*u**3 + 4 + 0*u**2 + 2*u**2 + 544*u**3 - 276*u**d. Calculate o(3).
-5
Let g(t) = -60*t + 17*t - 3*t**2 + 15*t + 15*t + 14*t + 2. Calculate g(0).
2
Let r = 264 + -246. Let l(a) = -a**3 + 18*a**2 + 4*a - 70. Let d be l(r). Let s(y) = -y**3 + 3*y**2. Calculate s(d).
4
Let m(k) = -7*k**3 + k**2 - 11*k + 3. Let p(y) = -27*y**3 + 5*y**2 - 43*y + 12. Let l(o) = -23*m(o) + 6*p(o). Let r = -5 + 11. Calculate l(r).
9
Let n(a) = -15*a**3 + a**2 - a + 11. Let c(r) be the first derivative of -13*r**4/4 + r**3/3 - r**2/2 + 10*r - 161. Let t(u) = -7*c(u) + 6*n(u). Determine t(2).
2
Suppose 0*d - 2*h = 5*d - 69, 3*h - 71 = -5*d. Suppose -3*z - d = -2*a - 6, -a + 4*z + 1 = 0. Let w(r) = 3*r + 14*r**2 - 8*r - a - 13*r**2. Determine w(4).
-9
Let z(a) be the first derivative of a**6/120 - 7*a**5/60 - 3*a**4/8 + 2*a**3 + 91*a**2/2 - 3. Let v(u) be the second derivative of z(u). Give v(8).
4
Suppose -4*b - z + 13 = 2*z, 2*b + 5*z - 3 = 0. Suppose 0*f - 36 = -b*f. Let g = f + -3. Let i(s) = s**2 - 9*s + 3. What is i(g)?
-15
Let s(o) be the third derivative of -o**6/120 + 11*o**5/60 - 7*o**4/8 + 11*o**3/2 - 5*o**2 - 49*o - 3. Calculate s(9).
6
Let y(o) = 10*o**2. Let m be y(-2). Suppose -5*h + m = 4*g + g, -g = 3*h - 12. Let a(n) = -1407 - 5*n + 7*n**2 - n**3 + 678 + 729. Calculate a(g).
6
Let t(i) = -3*i**3 + 5*i**2 - 3*i - 2. Let b(o) = 4*o**2 - 26*o - 28. Let s be b(-1). Calculate t(s).
-12
Suppose 208*m - 5 = 213*m. Let i(n) = -6*n**3 - 5*n**2 - 8*n - 4. Determine i(m).
5
Let d(m) = 3*m**2 - m. Let g(h) = 11*h + 221. Let r be g(-20). Calculate d(r).
2
Let m(h) = -h**3 + 7*h**2 + h - 10. Let z(a) = a**3 - 4*a**2 - 3*a - 4. Let p be z(7). Suppose 335*s = 323*s - 284 - 1096. Let w = p + s. What is m(w)?
-3
Let v(r) = -r**2 + 29*r + 66. Suppose 1063*x = 1042*x + 651. Calculate v(x).
4
Let i(k) = 1979 + 1980 + 2*k - 3957. Give i(1).
4
Suppose -j + 8 = -11. Let w = -22 + j. Let b(v) = 2*v + 3. Let o(y) = 3*y + 4. Let q(s) = -6*b(s) + 5*o(s). Determine q(w).
-7
Let d(c) = 1 - 6 - 1 + 4*c - 5*c. Suppose 0 = 2*o + 2*o - 8*o. Let x be (o/(-1 + 0))/(-1 - -4). Calculate d(x).
-6
Let y(c) = c**2 - 11*c + 18. Suppose -5*j + 51 = -2*z, -58*z + 132 = 13*j - 63*z. Calculate y(j).
0
Let m(q) be the third derivative of q**4/8 - 44*q**3/3 - 3*q**2 - 458. What is m(23)?
-19
Let v(f) be the first derivative of 2*f**2 + 28*f - 1473. Determine v(0).
28
Let n(w) = -w**3 + 14*w**2 + 2. Let y be n(14). Let v be (52 - 50)*1/y. Let d(c) = 7*c**2 - 2*c + 1. Determine d(v).
6
Let q(o) be the third derivative of o**5/60 + 3*o**4/8 + 19*o**3/6 + o**2 - 227*o + 10. Let s = -5 - 1. Determine q(s).
1
Let d(v) = -v**3 - 27*v**2 + 31*v + 53. Suppose 0 = -3*a + 2*u - 84, 65*a - 64*a + 28 = -2*u. Determine d(a).
-31
Suppose -5*u + 4*t - 5701 = 0, u + 1145 = -8*t + 4*t. Let n = -1145 - u. Let x(z) = 4*z + 3 + 0 + 2. Calculate x(n).
-11
Let w(h) = h**3 + 2*h**2 + 3. Let g = -46 - -50. Suppose -g*p - 42 = -2*p. Let s = 18 + p. Calculate w(s).
-6
Let l(c) = 33*c + 2. Let u be l(9). Let d = u + -194. Let q(p) = 91*p**2 + p + p - d*p**2 - p. Calculate q(-1).
-15
Let n(u) be the second derivative of u**5/20 + 13*u**4/12 - u**3/2 - 3*u**2 + 1594*u. Determine n(-13).
33
Let q be 196/(-2254) + (-96)/(-46). Let k(v) = -22*v**3 + 5 - 31*v**3 + q + 52*v**3 + 11*v**2. Calculate k(11).
7
Let v(x) = -2 - x - 4 + 1 - 3. Let j = 238 + -227. Give v(j).
-19
Let q(x) = -1. Let y(c) = c + 2. Suppose -5*k = -n - 9, 4*k - 11 = 2*n - 5*n. Let g(d) = n*q(d) + y(d). Determine g(4).
5
Let a = 63 + -60. Suppose -a*k = -h - 14, -5*h = -k + 1 + 27. Let o(r) = -25 - 2*r + k*r + 26. Determine o(7).
8
Let i(l) = 46*l + 416. Let k = 27391 - 27400. Calculate i(k).
2
Let z(r) = -r. Let o(x) be the second derivative of 4*x**3/3 - 2*x. Suppose -3*m + v - 4 = 0, 0*m - m + 4*v - 5 = 0. Let n be o(m). Determine z(n).
8
Let h(w) = 5*w - 39. Let k(b) = 2. Let x(s) = -h(s) + 2*k(s). Give x(6).
13
Let x(c) be the second derivative of -7*c**4/4 + c**3/6 - 3531*c + 2. Determine x(-1).
-22
Let y(s) = -16*s**3 - 23*s**2 - 12*s - 10. Let w(c) = -9*c**3 - 11*c**2 - 5*c - 6. Let j(a) = 7*w(a) - 4*y(a). Calculate j(-14).
12
Let q be -2*(-3)/(-2) + 1. Let d(g) = -1246. Let r(k) = 3*k + 2493. Let y(w) = -2*d(w) - r(w). Calculate y(q).
5
Let u(w) = -1408*w + 471*w + 465*w + 488*w + 168. What is u(-11)?
-8
Suppose 0 = -2*r + 3*c + 22, -c = -5*r + c + 44. Let n be 61/(-488) - 87/r. Let j(s) = s**3 + 11*s**2 - 2*s - 3. Give j(n).
19
Suppose 1557 = -j + 1561. Suppose -4*f + 4 = 0, 6 + 9 = -j*i - 5*f. Let v(t) = -t**2 - t + 11. Give v(i).
-9
Suppose 5*s - 10 = -5*r, 4*s + 26 = 8*s - 5*r. Suppose -3*y - h = 4*h, 0 = s*y - 4*h. Suppose -v = -y*g - 4*g, -v = 0. Let d(f) = -f + 3. What is d(g)?
3
Let o(l) = -l**3 + 6*l**2 - 7*l + 5. Let c be o(5). Let k(p) be the second derivative of p**4/12 + 2*p**3/3 - 4*p**2 + 13341*p. Give k(c).
-3
Let g = 1243 - 1246. Let t(p) = -p**2 - p + 4. Let l(k) = -k - 1. Let y(q) = -3*l(q) - t(q). Calculate y(g).
-4
Let y(a) be the second derivative of -a**5/20 - 3*a**4/4 - a**3/2 - a**2 - 1560*a. Calculate y(-4).
-70
Let b(j) = 60*j - 656. Let p(o) = -9*o + 110. Let w(f) = -2*b(f) - 13*p(f). What is w(-41)?
5
Suppose -3*w + r = -64, 5*r - 3*r + 8 = 0. Let b = w - 17. Suppose -6*i = -4*d - 2*i - 8, -b*d - 3*i = 30. Let u(t) = t**2 + 3*t + 3. What is u(d)?
21
Let x = 6793 - 6808. Let n(r) = -4*r - 24. Determine n(x).
36
Let b(u) = 1 - 2*u**2 + u**3 + 2*u + 4*u**2 + 0*u**2. Let c be (-40)/(-32)*(4 + 0). Suppose -3*p - 17 = c*w, -11 + 2 = 5*w + p. Determine b(w).
0
Let w = 720 + -715. Let g(d) be the third derivative of -d**5/60 + d**4/24 + 4*d**3/3 + 3*d**2 - 21*d. Calculate g(w).
-12
Suppose 0 = 5*m + 10*v - 6*v - 17, m - 4*v - 13 = 0. Let i(c) = m*c**2 - 119*c + 120*c - 3 - 2*c**2. Calculate i(-3).
21
Let j(t) = 2 + 39*t - 15*t + 4 - 23*t - 2. Let d be (-25)/15 - (-2)/(-6). Let a be ((-2)/6)/(d/(-30)). Give j(a).
-1
Let w(f) = -7*f**2 + 2*f - 1. Let i be w(-2). Let r be 22/i + (-116)/6. Let x = r + 22. Let v(q) = q**3 - q**2 + 1. Calculate v(x).
5
Let s(k) = -22*k**2 + 38*k**2 - 15 - 17*k**2 + 8*k. Suppose 4*j = 0, 0 = c + 5*j + 28 - 34. What is s(c)?
-3
Let q(d) = -17*d - 1. Let h(t) = 2*t**2 - 6*t - 18. Let g be h(6). Suppose -3*n - 3*u - g = 0, -5*u - 27 = -4*n - 6. Calculate q(n).
16
Let b(p) = -p**2 + 15*p + 32. Let x = 6247 - 6231. Give b(x).
16
Let n(m) = -m**3 - 3*m**2 - 1. Suppose -65*z = 4*x - 64*z - 6, 8*x + z - 6 = 0. Determine n(x).
-1
Let n(g) = 4*g + 1. Suppose 0 = -18*q + 14*q + 36. Let h be (6/q)/((-14)/21). Calculate n(h).
-3
Let s(l) = 7*l + 12. Let y be 51/17 - (1 - 1). Let d(j) = 9*j + 13. Let r(z) = y*d(z) - 4*s(z). What is r(-4)?
-5
Suppose 0 = -2*b + v + 24, 0 = -4*b - 2*v - 3 + 59. Suppose -5*j - 17 = b. Let o(r) = -2 - 2*r + 0 - 2 + r. Calculate o(j).
2
Let c(f) = -44 + 132 - 58 + 2*f - 7*f - 44. Determine c(-3).
1
Let q(w) = -14*w**2 - 240*w + 13. Let m(u) = -14*u**2 - 220*u + 12. Let j(l) = -12*m(l) + 11*q(l). Suppose 4*f = 3*a + 3, 2*a + 2 = 4*f - 0. What is j(a)?
13
Let c(r) be the second derivative of r**4/12 + 7*r**3/6 + 2*r**2 + 65*r - 35. What is c(-8)?
12
Let y(f) = 12*f - 222. Suppose 25*h = 29*h - 5*d - 96, 3*d + 88 = 4*h. Calculate y(h).
6
Let f(z) = -71*z - 70*z - 77*z + 22 + 219*z + 2. Give f(-17).
7
Let l = -3272/3 + 1091. Let j(d) be the second derivative of 0 + l*d**3 - 7/2*d**2 - 27*d. What is j(6)?
5
Let u(b) = -2*b**3 - b**3 + 6*b - 9*b**2 + 